{"id":78,"date":"2025-09-30T14:20:14","date_gmt":"2025-09-30T12:20:14","guid":{"rendered":"https:\/\/ruhys.pl\/?post_type=product&#038;p=78"},"modified":"2025-12-06T16:20:54","modified_gmt":"2025-12-06T15:20:54","slug":"t-shirt-kiosk-kopia","status":"publish","type":"product","link":"https:\/\/ruhys.pl\/?product=t-shirt-kiosk-kopia","title":{"rendered":"T-SHIRT GIRLS MY RUHYS"},"content":{"rendered":"<p>&nbsp;<\/p>\n<ul>\n<li>\u00a0100% bawe\u0142na premium<\/li>\n<li>\u00a0Gramatura 180 g\/m\u00b2<\/li>\n<li>\u00a0Lu\u017any relaxed \/ loose kr\u00f3j<\/li>\n<li>\u00a0nadruk DTG wysokiej jako\u015bci<\/li>\n<\/ul>\n","protected":false},"excerpt":{"rendered":"<p><strong>Je\u015bli szukasz teesa, kt\u00f3ry m\u00f3wi za Ciebie \u2014 masz go przed sob\u0105.<\/strong><\/p>\n<p>Relaxed fit zapewnia maksymalny komfort i luz, a gruba bawe\u0142na i szerokie r\u0119kawy podbijaj\u0105 lu\u017any vibe. To model dla pewnych siebie, albo dla tych, co chc\u0105 nimi zosta\u0107.<\/p>\n","protected":false},"featured_media":82,"comment_status":"open","ping_status":"closed","template":"","meta":[],"product_brand":[],"product_cat":[18],"product_tag":[],"class_list":{"0":"post-78","1":"product","2":"type-product","3":"status-publish","4":"has-post-thumbnail","6":"product_cat-t-shirt","8":"first","9":"instock","10":"featured","11":"shipping-taxable","12":"purchasable","13":"product-type-variable"},"jetpack_sharing_enabled":true,"_links":{"self":[{"href":"https:\/\/ruhys.pl\/index.php?rest_route=\/wp\/v2\/product\/78","targetHints":{"allow":["GET"]}}],"collection":[{"href":"https:\/\/ruhys.pl\/index.php?rest_route=\/wp\/v2\/product"}],"about":[{"href":"https:\/\/ruhys.pl\/index.php?rest_route=\/wp\/v2\/types\/product"}],"replies":[{"embeddable":true,"href":"https:\/\/ruhys.pl\/index.php?rest_route=%2Fwp%2Fv2%2Fcomments&post=78"}],"wp:featuredmedia":[{"embeddable":true,"href":"https:\/\/ruhys.pl\/index.php?rest_route=\/wp\/v2\/media\/82"}],"wp:attachment":[{"href":"https:\/\/ruhys.pl\/index.php?rest_route=%2Fwp%2Fv2%2Fmedia&parent=78"}],"wp:term":[{"taxonomy":"product_brand","embeddable":true,"href":"https:\/\/ruhys.pl\/index.php?rest_route=%2Fwp%2Fv2%2Fproduct_brand&post=78"},{"taxonomy":"product_cat","embeddable":true,"href":"https:\/\/ruhys.pl\/index.php?rest_route=%2Fwp%2Fv2%2Fproduct_cat&post=78"},{"taxonomy":"product_tag","embeddable":true,"href":"https:\/\/ruhys.pl\/index.php?rest_route=%2Fwp%2Fv2%2Fproduct_tag&post=78"}],"curies":[{"name":"wp","href":"https:\/\/api.w.org\/{rel}","templated":true}]}}